22
In base 3, what is -1101010 - 201?
-1101211
In base 12, what is -217 - a8?
-303
In base 9, what is -165463 - -1?
-165462
In base 3, what is 1100120010 - 2000?
1100111010
In base 4, what is -2132 - 22130012?
-22132210
In base 8, what is 5777 + 334?
6333
In base 7, what is -5 - -2014006?
2014001
In base 6, what is 300 + 101425?
102125
In base 7, what is -1 + -205114?
-205115
In base 14, what is 2 + 6c18d?
6c191
In base 12, what is -5 - -19631?
19628
In base 5, what is 1130131 + 2?
1130133
In base 13, what is -11 + 9621?
9610
In base 2, what is 10011 - 100000000110111011?
-100000000110101000
In base 11, what is -98 - 3149?
-3236
In base 10, what is 84724 + 1?
84725
In base 3, what is -110010012110 + 12?
-110010012021
In base 12, what is -4 - -7a271?
7a269
In base 10, what is -6 - -127984?
127978
In base 14, what is 65166 - 10?
65156
In base 15, what is -e5672 + 1?
-e5671
In base 14, what is 942 - -9?
94b
In base 8, what is -2001 - -177?
-1602
In base 15, what is -2c7 + 39a?
c3
In base 13, what is -3 - 12475?
-12478
In base 6, what is -2023054 + -41?
-2023135
In base 10, what is 8097 + 176?
8273
In base 8, what is 220 - 2352?
-2132
In base 14, what is 143 + 72?
1b5
In base 9, what is 143 - -1056?
1210
In base 8, what is -12 - 156644?
-156656
In base 13, what is b - 13a?
-12c
In base 15, what is -4c + 18da?
188d
In base 15, what is 95 + 23a?
2d0
In base 12, what is -13b78 + 5?
-13b73
In base 4, what is 10 + -123232?
-123222
In base 11, what is 2774 + -17?
2758
In base 9, what is 13 - 61650?
-61636
In base 16, what is -1 - -22d?
22c
In base 8, what is -46071 + 3?
-46066
In base 11, what is 48 + 981?
a19
In base 13, what is 2 - 4640?
-463b
In base 13, what is 1a0887 + -4?
1a0883
In base 8, what is 3 - -256450?
256453
In base 7, what is -6003631 + 4?
-6003624
In base 6, what is 43431 - -12?
43443
In base 15, what is 2eb4da - -5?
2eb4e0
In base 8, what is 420 + -225?
173
In base 9, what is -4548460 + 0?
-4548460
In base 15, what is -61e63 + 3?
-61e60
In base 11, what is 244 + 4a?
293
In base 3, what is 12222201212 + 102?
12222202021
In base 7, what is -5 - 3230401?
-3230406
In base 7, what is -221552 + -4?
-221556
In base 14, what is b4 + -12?
a2
In base 9, what is -107 - 438?
-546
In base 13, what is -7 + -350a1?
-350a8
In base 11, what is -3042 - 17?
-3059
In base 16, what is 0 + -aa3f7?
-aa3f7
In base 3, what is -2 - -101222022?
101222020
In base 11, what is -34a86 + 1?
-34a85
In base 2, what is 101 - 1011111101101?
-1011111101000
In base 7, what is -1 + 2620060?
2620056
In base 12, what is 23310 + 3?
23313
In base 12, what is -8 - 9800?
-9808
In base 8, what is 36 + -55262?
-55224
In base 7, what is 5340610 + -3?
5340604
In base 2, what is 1011 - -10001?
11100
In base 9, what is 118 - -330?
448
In base 13, what is 1 - -11bacb?
11bacc
In base 7, what is 434303 - 4?
434266
In base 16, what is -fb91 + 2?
-fb8f
In base 11, what is -8 - 2373?
-2380
In base 5, what is 100 - -304?
404
In base 11, what is -1473 - -314?
-115a
In base 14, what is 25 + 1206?
122b
In base 8, what is -11363213 - -3?
-11363210
In base 5, what is -11133331 - 1?
-11133332
In base 14, what is d - 230a?
-22db
In base 14, what is -5669 - -7?
-5662
In base 5, what is 40310 - 10341?
24414
In base 13, what is 41801 - -5?
41806
In base 6, what is 102433 - 145?
102244
In base 8, what is 10374 - -51?
10445
In base 9, what is -4605 - -446?
-4148
In base 3, what is 20010102 + -1022?
20002010
In base 6, what is 20313 - 2?
20311
In base 11, what is 6 + 5850?
5856
In base 16, what is efd + 9?
f06
In base 5, what is 4003 - -2202?
11210
In base 14, what is -17d + 616?
477
In base 15, what is -14d1d9 - 5?
-14d1de
In base 11, what is 69 + 4?
72
In base 16, what is a - 128d?
-1283
In base 2, what is 101000000011000000100 + 1?
101000000011000000101
In base 14, what is -13 - db3?
-dc6
In base 6, what is -1055451 + -14?
-1055505
In base 6, what is 3110001 + -13?
3105544
In base 10, what is -7297 + -9?
-7306
In base 11, what is 1021 + -2a?
aa2
In base 2, what is -10 + -11000001101100000?
-11000001101100010
In base 5, what is -30 + 3023424?
3023344
In base 3, what is -1122202222020 - 12?
-1122202222102
In base 12, what is 157b2 - 8?
157a6
In base 16, what is -d832 + 5?
-d82d
In base 3, what is -22222122022002 + -11?
-22222122022020
In base 9, what is -20 + 17?
-2
In base 3, what is -12102120102 - 11?
-12102120120
In base 15, what is 41b1 + -d5?
40cb
In base 12, what is -1 + -451320?
-451321
In base 2, what is 100 - 1001011100110011100?
-1001011100110011000
In base 2, what is -10011000000101101100 + -1?
-10011000000101101101
In base 11, what is -919 + 4?
-915
In base 4, what is 1132 + -302?
230
In base 11, what is 3183477 - -3?
318347a
In base 16, what is -4 - -4955?
4951
In base 6, what is 3 - 53330?
-53323
In base 10, what is 3 + 451531?
451534
In base 12, what is -32b + -62?
-391
In base 13, what is -5 - -3368?
3363
In base 4, what is -12 - -330132?
330120
In base 13, what is 882c + -30?
87cc
In base 16, what is 0 + 46d?
46d
In base 5, what is -2 - 1320442?
-1320444
In base 9, what is 2 + -740340?
-740337
In base 3, what is -1010010 - -102220?
-200020
In base 10, what is 6966 - -249?
7215
In base 11, what is a22 + -32?
9a0
In base 10, what is 5406 + -354?
5052
In base 5, what is 2 - 221001?
-220444
In base 6, what is 25 - -10353?
10422
In base 2, what is -10100001001100100 + 0?
-10100001001100100
In base 8, what is 235101 + -3?
235076
In base 14, what is 4 - 28c?
-288
In base 4, what is 2 - -332202?
332210
In base 10, what is 5006 - -44?
5050
In base 3, what is 11 + 210112001000?
210112001011
In base 8, what is -153 - 67643?
-70016
In base 3, what is -12222011212 + 222?
-12222010220
In base 14, what is c2 + -c7?
-5
In base 14, what is -2 - -336?
334
In base 8, what is 3517520 - -5?
3517525
In base 3, what is -212102220000 + 10?
-212102212220
In base 11, what is -3a0 + -425?
-815
In base 9, what is -711 - -200?
-511
In base 8, what is 702652 - -1?
702653
In base 5, what is -2033 + 300420?
243332
In base 15, what is 61 - b?
55
In base 2, what is 101 - -11011110111000111?
11011110111001100
In base 16, what is 395 + -31?
364
In base 8, what is 11337 - -66?
11425
In base 9, what is -25 + -1746?
-1772
In base 10, what is -7032 + -9?
-7041
In base 10, what is -177 + 501?
324
In base 16, what is -5 + -30b97?
-30b9c
In base 8, what is -2 - -32420?
32416
In base 10, what is 3 - -6384?
6387
In base 6, what is 4255 + 2154?
10453
In base 8, what is 3411 - -202?
3613
In base 8, what is 2727 - 11?
2716
In base 2, what is -11000010011000 + -1001010?
-11000011100010
In base 14, what is 2 + -6ad7d?
-6ad7b
In base 14, what is 598 + 7?
5a1
In base 4, what is 121013031 - -1?
121013032
In base 8, what is -22155 + -6?
-22163
In base 4, what is -30100120 + -10?
-30100130
In base 15, what is 1155d + -2?
1155b
In base 14, what is -5d + -4c6?
-545
In base 7, what is 4 + -236155?
-236151
In base 10, what is -1 - 84575?
-84576
In base 5, what is 33330 + -2203?
31122
In base 10, what is -16 + 6673?
6657
In base 3, what is 212020 + 12010?
1001100
In base 5, what is 23210 + 4241?
33001
In base 4, what is 10 - 11102203?
-11102133
In base 10, what is 2044 + -25?
2019
In base 16, what is -4559 - -2?
-4557
In base 15, what is -5 + c263?
c25d
In base 9, what is 3 - 1240653?
-1240650
In base 14, what is 10 + 86b?
87b
In base 14, what is 427 - 272?
195
In base 7, what is -51266 - -146?
-51120
In base 4, what is 2321003 - 110?
2320233
In base 9, what is -5 + 406125?
406120
In base 2, what is 1110100010011 - 11?
1110100010000
In base 3, what is 2111 - -20002210?
20012021
In base 5, what is -11311 - 233?
-12044
In base 5, what is 12213410 + 0?
12213410
In base 10, what is 1 - -16195?
16196
In base 9, what is -3 - -25127?
25124
In base 13, what is 38c67 + -4?
38c63
In base 11, what is 7987 - -32?
7a09
In base 2, what is -101011 + 1000111100110?
1000110111011
In base 3, what is -12 + -110010001210?
-110010001222
In base 4, what is -30030 - 20313?
-111003
In base 3, what is 2221021 + 2001?
10000022
In base 5, what is -1312223433 + 10?
-1312223423
In base 5, what is -1314112 + -10?
-1314122
In base 8, what is 42016 - -317?
42335
In base 2, what is -101111010011 - 10000111?
-110001011010
In base 15, what is -d9835 + 2?
-d9833
In base 8, wha